{"id":236,"date":"2022-03-09T09:14:14","date_gmt":"2022-03-09T12:14:14","guid":{"rendered":"http:\/\/www.farol.ind.br\/view\/?page_id=236"},"modified":"2022-04-22T16:14:33","modified_gmt":"2022-04-22T19:14:33","slug":"canal-confidencial","status":"publish","type":"page","link":"https:\/\/www.farol.ind.br\/view\/index.php\/canal-confidencial\/","title":{"rendered":"Canal Confidencial"},"content":{"rendered":"\t\t<div data-elementor-type=\"wp-page\" data-elementor-id=\"236\" class=\"elementor elementor-236\" data-elementor-post-type=\"page\">\n\t\t\t\t\t\t<section class=\"elementor-section elementor-top-section elementor-element elementor-element-61e1d1d elementor-section-boxed elementor-section-height-default elementor-section-height-default\" data-id=\"61e1d1d\" data-element_type=\"section\" data-e-type=\"section\">\n\t\t\t\t\t\t<div class=\"elementor-container elementor-column-gap-default\">\n\t\t\t\t\t<div class=\"elementor-column elementor-col-100 elementor-top-column elementor-element elementor-element-b303070\" data-id=\"b303070\" data-element_type=\"column\" data-e-type=\"column\">\n\t\t\t<div class=\"elementor-widget-wrap elementor-element-populated\">\n\t\t\t\t\t\t<div class=\"elementor-element elementor-element-cd7abfc elementor-widget elementor-widget-image\" data-id=\"cd7abfc\" data-element_type=\"widget\" data-e-type=\"widget\" data-widget_type=\"image.default\">\n\t\t\t\t<div class=\"elementor-widget-container\">\n\t\t\t\t\t\t\t\t\t\t\t\t\t\t\t<img decoding=\"async\" src=\"https:\/\/www.farol.ind.br\/view\/wp-content\/uploads\/elementor\/thumbs\/cropped-android-chrome-512x512-1-plm5ep1n9gc38hl1u91dc29zxjr2ircye4t7da73io.png\" title=\"cropped-android-chrome-512&#215;512-1.png\" alt=\"cropped-android-chrome-512x512-1.png\" loading=\"lazy\" \/>\t\t\t\t\t\t\t\t\t\t\t\t\t\t\t<\/div>\n\t\t\t\t<\/div>\n\t\t\t\t<div class=\"elementor-element elementor-element-c78c610 elementor-widget elementor-widget-heading\" data-id=\"c78c610\" data-element_type=\"widget\" data-e-type=\"widget\" data-widget_type=\"heading.default\">\n\t\t\t\t<div class=\"elementor-widget-container\">\n\t\t\t\t\t<h2 class=\"elementor-heading-title elementor-size-default\">Canal Confidencial<\/h2>\t\t\t\t<\/div>\n\t\t\t\t<\/div>\n\t\t\t\t<div class=\"elementor-element elementor-element-6e420b9 elementor-widget elementor-widget-text-editor\" data-id=\"6e420b9\" data-element_type=\"widget\" data-e-type=\"widget\" data-widget_type=\"text-editor.default\">\n\t\t\t\t<div class=\"elementor-widget-container\">\n\t\t\t\t\t\t\t\t\t<p class=\"mt\">Este \u00e9 um canal exclusivo e seguro para a comunica\u00e7\u00e3o &#8211; identificada ou an\u00f4nima &#8211; para registrar relatos de condutas de colaboradores, terceiros contratados e subcontratados que violem os princ\u00edpios \u00e9ticos e padr\u00f5es de conduta, direitos humanos, infra\u00e7\u00f5es \u00e0 legisla\u00e7\u00e3o vigente e\/ou descumprimento de obriga\u00e7\u00f5es da Farol.<\/p><p class=\"mt\">As informa\u00e7\u00f5es aqui registradas ser\u00e3o recebidas por um comit\u00ea, que analisar\u00e1 o relato e seguir\u00e1 com as provid\u00eancias cab\u00edveis. Todo o processo \u00e9 absolutamente sigiloso.<\/p>\t\t\t\t\t\t\t\t<\/div>\n\t\t\t\t<\/div>\n\t\t\t\t<section class=\"elementor-section elementor-inner-section elementor-element elementor-element-8750d4e elementor-section-boxed elementor-section-height-default elementor-section-height-default\" data-id=\"8750d4e\" data-element_type=\"section\" data-e-type=\"section\" data-settings=\"{&quot;background_background&quot;:&quot;classic&quot;}\">\n\t\t\t\t\t\t<div class=\"elementor-container elementor-column-gap-default\">\n\t\t\t\t\t<div class=\"elementor-column elementor-col-100 elementor-inner-column elementor-element elementor-element-38a01d4\" data-id=\"38a01d4\" data-element_type=\"column\" data-e-type=\"column\">\n\t\t\t<div class=\"elementor-widget-wrap elementor-element-populated\">\n\t\t\t\t\t\t<div class=\"elementor-element elementor-element-6a4945b elementor-widget elementor-widget-text-editor\" data-id=\"6a4945b\" data-element_type=\"widget\" data-e-type=\"widget\" data-widget_type=\"text-editor.default\">\n\t\t\t\t<div class=\"elementor-widget-container\">\n\t\t\t\t\t\t\t\t\t<p>Para esclarecimentos, reclama\u00e7\u00f5es, elogios, sugest\u00f5es ou outras informa\u00e7\u00f5es sobre os servi\u00e7os e produtos da Farol, por favor acesse o <a href=\"https:\/\/www.farol.ind.br\/view\/index.php\/contato\/\">fale conosco.<\/a><\/p>\t\t\t\t\t\t\t\t<\/div>\n\t\t\t\t<\/div>\n\t\t\t\t\t<\/div>\n\t\t<\/div>\n\t\t\t\t\t<\/div>\n\t\t<\/section>\n\t\t\t\t<div class=\"elementor-element elementor-element-7197cf9 elementor-widget elementor-widget-shortcode\" data-id=\"7197cf9\" data-element_type=\"widget\" data-e-type=\"widget\" data-widget_type=\"shortcode.default\">\n\t\t\t\t<div class=\"elementor-widget-container\">\n\t\t\t\t\t\t\t<div class=\"elementor-shortcode\">\n<div class=\"wpcf7 no-js\" id=\"wpcf7-f368-o1\" lang=\"pt-BR\" dir=\"ltr\" data-wpcf7-id=\"368\">\n<div class=\"screen-reader-response\"><p role=\"status\" aria-live=\"polite\" aria-atomic=\"true\"><\/p> <ul><\/ul><\/div>\n<form action=\"\/view\/index.php\/wp-json\/wp\/v2\/pages\/236#wpcf7-f368-o1\" method=\"post\" class=\"wpcf7-form init\" aria-label=\"Formul\u00e1rios de contato\" enctype=\"multipart\/form-data\" novalidate=\"novalidate\" data-status=\"init\">\n<fieldset class=\"hidden-fields-container\"><input type=\"hidden\" name=\"_wpcf7\" value=\"368\" \/><input type=\"hidden\" name=\"_wpcf7_version\" value=\"6.1.5\" \/><input type=\"hidden\" name=\"_wpcf7_locale\" value=\"pt_BR\" \/><input type=\"hidden\" name=\"_wpcf7_unit_tag\" value=\"wpcf7-f368-o1\" \/><input type=\"hidden\" name=\"_wpcf7_container_post\" value=\"0\" \/><input type=\"hidden\" name=\"_wpcf7_posted_data_hash\" value=\"\" \/><input type=\"hidden\" name=\"_wpcf7_recaptcha_response\" value=\"\" \/>\n<\/fieldset>\n<p><label> *Nome<br \/>\n<span class=\"wpcf7-form-control-wrap\" data-name=\"your-name\"><input size=\"40\" maxlength=\"400\" class=\"wpcf7-form-control wpcf7-text wpcf7-validates-as-required\" aria-required=\"true\" aria-invalid=\"false\" value=\"\" type=\"text\" name=\"your-name\" \/><\/span> <\/label>\n<\/p>\n<p><label> *E-mail<br \/>\n<span class=\"wpcf7-form-control-wrap\" data-name=\"your-email\"><input size=\"40\" maxlength=\"400\" class=\"wpcf7-form-control wpcf7-email wpcf7-validates-as-required wpcf7-text wpcf7-validates-as-email\" aria-required=\"true\" aria-invalid=\"false\" value=\"\" type=\"email\" name=\"your-email\" \/><\/span> <\/label><br \/>\n<label> *Telefone<br \/>\n<span class=\"wpcf7-form-control-wrap\" data-name=\"tel-406\"><input size=\"40\" maxlength=\"400\" class=\"wpcf7-form-control wpcf7-tel wpcf7-validates-as-required wpcf7-text wpcf7-validates-as-tel\" aria-required=\"true\" aria-invalid=\"false\" value=\"\" type=\"tel\" name=\"tel-406\" \/><\/span> <\/label><br \/>\n<label> Unidade<br \/>\n<span class=\"wpcf7-form-control-wrap\" data-name=\"menu-283\"><select class=\"wpcf7-form-control wpcf7-select\" aria-invalid=\"false\" name=\"menu-283\"><option value=\"Nova Itaberaba\">Nova Itaberaba<\/option><option value=\"Bigua\u00e7u\">Bigua\u00e7u<\/option><option value=\"Paranacity\">Paranacity<\/option><option value=\"Cambori\u00fa\">Cambori\u00fa<\/option><option value=\"\u00c1gua Santa\">\u00c1gua Santa<\/option><option value=\"Itaja\u00ed\">Itaja\u00ed<\/option><\/select><\/span> <\/label><br \/>\n<label> Tipo de Mensagem<br \/>\n<span class=\"wpcf7-form-control-wrap\" data-name=\"menu-284\"><select class=\"wpcf7-form-control wpcf7-select\" aria-invalid=\"false\" name=\"menu-284\"><option value=\"Den\u00fancia\">Den\u00fancia<\/option><option value=\"Sugest\u00e3o\">Sugest\u00e3o<\/option><option value=\"Elogio\">Elogio<\/option><option value=\"Reclama\u00e7\u00e3o\">Reclama\u00e7\u00e3o<\/option><\/select><\/span> <\/label>\n<\/p>\n<p><label> *Mensagem<br \/>\n<span class=\"wpcf7-form-control-wrap\" data-name=\"your-message\"><textarea cols=\"40\" rows=\"10\" maxlength=\"2000\" class=\"wpcf7-form-control wpcf7-textarea wpcf7-validates-as-required\" aria-required=\"true\" aria-invalid=\"false\" name=\"your-message\"><\/textarea><\/span> <\/label><br \/>\n<label> Enviar Arquivo<br \/>\n<span class=\"wpcf7-form-control-wrap\" data-name=\"file-512\"><input size=\"40\" class=\"wpcf7-form-control wpcf7-file\" accept=\"audio\/*,video\/*,image\/*\" aria-invalid=\"false\" type=\"file\" name=\"file-512\" \/><\/span> <\/label>\n<\/p>\n<p><input class=\"wpcf7-form-control wpcf7-submit has-spinner\" type=\"submit\" value=\"Enviar\" \/>\n<\/p><div class=\"wpcf7-response-output\" aria-hidden=\"true\"><\/div>\n<\/form>\n<\/div>\n<\/div>\n\t\t\t\t\t\t<\/div>\n\t\t\t\t<\/div>\n\t\t\t\t\t<\/div>\n\t\t<\/div>\n\t\t\t\t\t<\/div>\n\t\t<\/section>\n\t\t\t\t<\/div>\n\t\t","protected":false},"excerpt":{"rendered":"<p>Canal Confidencial Este \u00e9 um canal exclusivo e seguro para a comunica\u00e7\u00e3o &#8211; identificada ou an\u00f4nima &#8211; para registrar relatos de condutas de colaboradores, terceiros contratados e subcontratados que violem os princ\u00edpios \u00e9ticos e padr\u00f5es de conduta, direitos humanos, infra\u00e7\u00f5es \u00e0 legisla\u00e7\u00e3o vigente e\/ou descumprimento de obriga\u00e7\u00f5es da Farol. As informa\u00e7\u00f5es aqui registradas ser\u00e3o recebidas [&hellip;]<\/p>\n","protected":false},"author":1,"featured_media":0,"parent":0,"menu_order":0,"comment_status":"closed","ping_status":"closed","template":"elementor_header_footer","meta":{"footnotes":""},"class_list":["post-236","page","type-page","status-publish","hentry"],"yoast_head":"<!-- This site is optimized with the Yoast SEO plugin v27.5 - https:\/\/yoast.com\/product\/yoast-seo-wordpress\/ -->\n<title>Canal Confidencial - Farol S.A.<\/title>\n<meta name=\"robots\" content=\"index, follow, max-snippet:-1, max-image-preview:large, max-video-preview:-1\" \/>\n<link rel=\"canonical\" href=\"https:\/\/www.farol.ind.br\/view\/index.php\/canal-confidencial\/\" \/>\n<meta property=\"og:locale\" content=\"pt_BR\" \/>\n<meta property=\"og:type\" content=\"article\" \/>\n<meta property=\"og:title\" content=\"Canal Confidencial - Farol S.A.\" \/>\n<meta property=\"og:description\" content=\"Canal Confidencial Este \u00e9 um canal exclusivo e seguro para a comunica\u00e7\u00e3o &#8211; identificada ou an\u00f4nima &#8211; para registrar relatos de condutas de colaboradores, terceiros contratados e subcontratados que violem os princ\u00edpios \u00e9ticos e padr\u00f5es de conduta, direitos humanos, infra\u00e7\u00f5es \u00e0 legisla\u00e7\u00e3o vigente e\/ou descumprimento de obriga\u00e7\u00f5es da Farol. As informa\u00e7\u00f5es aqui registradas ser\u00e3o recebidas [&hellip;]\" \/>\n<meta property=\"og:url\" content=\"https:\/\/www.farol.ind.br\/view\/index.php\/canal-confidencial\/\" \/>\n<meta property=\"og:site_name\" content=\"Farol S.A.\" \/>\n<meta property=\"article:publisher\" content=\"https:\/\/www.facebook.com\/FarolSA?_rdr\" \/>\n<meta property=\"article:modified_time\" content=\"2022-04-22T19:14:33+00:00\" \/>\n<meta property=\"og:image\" content=\"http:\/\/www.farol.ind.br\/view\/wp-content\/uploads\/elementor\/thumbs\/cropped-android-chrome-512x512-1-plm5ep1n9gc38hl1u91dc29zxjr2ircye4t7da73io.png\" \/>\n<meta name=\"twitter:card\" content=\"summary_large_image\" \/>\n<meta name=\"twitter:label1\" content=\"Est. tempo de leitura\" \/>\n\t<meta name=\"twitter:data1\" content=\"1 minuto\" \/>\n<script type=\"application\/ld+json\" class=\"yoast-schema-graph\">{\"@context\":\"https:\\\/\\\/schema.org\",\"@graph\":[{\"@type\":\"WebPage\",\"@id\":\"https:\\\/\\\/www.farol.ind.br\\\/view\\\/index.php\\\/canal-confidencial\\\/\",\"url\":\"https:\\\/\\\/www.farol.ind.br\\\/view\\\/index.php\\\/canal-confidencial\\\/\",\"name\":\"Canal Confidencial - Farol S.A.\",\"isPartOf\":{\"@id\":\"https:\\\/\\\/www.farol.ind.br\\\/view\\\/#website\"},\"primaryImageOfPage\":{\"@id\":\"https:\\\/\\\/www.farol.ind.br\\\/view\\\/index.php\\\/canal-confidencial\\\/#primaryimage\"},\"image\":{\"@id\":\"https:\\\/\\\/www.farol.ind.br\\\/view\\\/index.php\\\/canal-confidencial\\\/#primaryimage\"},\"thumbnailUrl\":\"http:\\\/\\\/www.farol.ind.br\\\/view\\\/wp-content\\\/uploads\\\/elementor\\\/thumbs\\\/cropped-android-chrome-512x512-1-plm5ep1n9gc38hl1u91dc29zxjr2ircye4t7da73io.png\",\"datePublished\":\"2022-03-09T12:14:14+00:00\",\"dateModified\":\"2022-04-22T19:14:33+00:00\",\"breadcrumb\":{\"@id\":\"https:\\\/\\\/www.farol.ind.br\\\/view\\\/index.php\\\/canal-confidencial\\\/#breadcrumb\"},\"inLanguage\":\"pt-BR\",\"potentialAction\":[{\"@type\":\"ReadAction\",\"target\":[\"https:\\\/\\\/www.farol.ind.br\\\/view\\\/index.php\\\/canal-confidencial\\\/\"]}]},{\"@type\":\"ImageObject\",\"inLanguage\":\"pt-BR\",\"@id\":\"https:\\\/\\\/www.farol.ind.br\\\/view\\\/index.php\\\/canal-confidencial\\\/#primaryimage\",\"url\":\"http:\\\/\\\/www.farol.ind.br\\\/view\\\/wp-content\\\/uploads\\\/elementor\\\/thumbs\\\/cropped-android-chrome-512x512-1-plm5ep1n9gc38hl1u91dc29zxjr2ircye4t7da73io.png\",\"contentUrl\":\"http:\\\/\\\/www.farol.ind.br\\\/view\\\/wp-content\\\/uploads\\\/elementor\\\/thumbs\\\/cropped-android-chrome-512x512-1-plm5ep1n9gc38hl1u91dc29zxjr2ircye4t7da73io.png\"},{\"@type\":\"BreadcrumbList\",\"@id\":\"https:\\\/\\\/www.farol.ind.br\\\/view\\\/index.php\\\/canal-confidencial\\\/#breadcrumb\",\"itemListElement\":[{\"@type\":\"ListItem\",\"position\":1,\"name\":\"In\u00edcio\",\"item\":\"https:\\\/\\\/www.farol.ind.br\\\/view\\\/\"},{\"@type\":\"ListItem\",\"position\":2,\"name\":\"Canal Confidencial\"}]},{\"@type\":\"WebSite\",\"@id\":\"https:\\\/\\\/www.farol.ind.br\\\/view\\\/#website\",\"url\":\"https:\\\/\\\/www.farol.ind.br\\\/view\\\/\",\"name\":\"Farol S.A.\",\"description\":\"Coletamos os subprodutos de bovinos, su\u00ednos, aves e peixes e, atrav\u00e9s da nossa tecnologia de ponta, realizamos a fabrica\u00e7\u00e3o de  mat\u00e9rias-primas de alto padr\u00e3o que s\u00e3o utilizados como componentes para ra\u00e7\u00f5es animais e diversas ind\u00fastrias qu\u00edmicas.\",\"publisher\":{\"@id\":\"https:\\\/\\\/www.farol.ind.br\\\/view\\\/#organization\"},\"potentialAction\":[{\"@type\":\"SearchAction\",\"target\":{\"@type\":\"EntryPoint\",\"urlTemplate\":\"https:\\\/\\\/www.farol.ind.br\\\/view\\\/?s={search_term_string}\"},\"query-input\":{\"@type\":\"PropertyValueSpecification\",\"valueRequired\":true,\"valueName\":\"search_term_string\"}}],\"inLanguage\":\"pt-BR\"},{\"@type\":\"Organization\",\"@id\":\"https:\\\/\\\/www.farol.ind.br\\\/view\\\/#organization\",\"name\":\"Farol S.A.\",\"url\":\"https:\\\/\\\/www.farol.ind.br\\\/view\\\/\",\"logo\":{\"@type\":\"ImageObject\",\"inLanguage\":\"pt-BR\",\"@id\":\"https:\\\/\\\/www.farol.ind.br\\\/view\\\/#\\\/schema\\\/logo\\\/image\\\/\",\"url\":\"http:\\\/\\\/www.farol.ind.br\\\/view\\\/wp-content\\\/uploads\\\/2022\\\/03\\\/logo-dark.png\",\"contentUrl\":\"http:\\\/\\\/www.farol.ind.br\\\/view\\\/wp-content\\\/uploads\\\/2022\\\/03\\\/logo-dark.png\",\"width\":550,\"height\":300,\"caption\":\"Farol S.A.\"},\"image\":{\"@id\":\"https:\\\/\\\/www.farol.ind.br\\\/view\\\/#\\\/schema\\\/logo\\\/image\\\/\"},\"sameAs\":[\"https:\\\/\\\/www.facebook.com\\\/FarolSA?_rdr\",\"https:\\\/\\\/www.instagram.com\\\/farolindustria\\\/\"]}]}<\/script>\n<!-- \/ Yoast SEO plugin. -->","yoast_head_json":{"title":"Canal Confidencial - Farol S.A.","robots":{"index":"index","follow":"follow","max-snippet":"max-snippet:-1","max-image-preview":"max-image-preview:large","max-video-preview":"max-video-preview:-1"},"canonical":"https:\/\/www.farol.ind.br\/view\/index.php\/canal-confidencial\/","og_locale":"pt_BR","og_type":"article","og_title":"Canal Confidencial - Farol S.A.","og_description":"Canal Confidencial Este \u00e9 um canal exclusivo e seguro para a comunica\u00e7\u00e3o &#8211; identificada ou an\u00f4nima &#8211; para registrar relatos de condutas de colaboradores, terceiros contratados e subcontratados que violem os princ\u00edpios \u00e9ticos e padr\u00f5es de conduta, direitos humanos, infra\u00e7\u00f5es \u00e0 legisla\u00e7\u00e3o vigente e\/ou descumprimento de obriga\u00e7\u00f5es da Farol. As informa\u00e7\u00f5es aqui registradas ser\u00e3o recebidas [&hellip;]","og_url":"https:\/\/www.farol.ind.br\/view\/index.php\/canal-confidencial\/","og_site_name":"Farol S.A.","article_publisher":"https:\/\/www.facebook.com\/FarolSA?_rdr","article_modified_time":"2022-04-22T19:14:33+00:00","og_image":[{"url":"http:\/\/www.farol.ind.br\/view\/wp-content\/uploads\/elementor\/thumbs\/cropped-android-chrome-512x512-1-plm5ep1n9gc38hl1u91dc29zxjr2ircye4t7da73io.png","type":"","width":"","height":""}],"twitter_card":"summary_large_image","twitter_misc":{"Est. tempo de leitura":"1 minuto"},"schema":{"@context":"https:\/\/schema.org","@graph":[{"@type":"WebPage","@id":"https:\/\/www.farol.ind.br\/view\/index.php\/canal-confidencial\/","url":"https:\/\/www.farol.ind.br\/view\/index.php\/canal-confidencial\/","name":"Canal Confidencial - Farol S.A.","isPartOf":{"@id":"https:\/\/www.farol.ind.br\/view\/#website"},"primaryImageOfPage":{"@id":"https:\/\/www.farol.ind.br\/view\/index.php\/canal-confidencial\/#primaryimage"},"image":{"@id":"https:\/\/www.farol.ind.br\/view\/index.php\/canal-confidencial\/#primaryimage"},"thumbnailUrl":"http:\/\/www.farol.ind.br\/view\/wp-content\/uploads\/elementor\/thumbs\/cropped-android-chrome-512x512-1-plm5ep1n9gc38hl1u91dc29zxjr2ircye4t7da73io.png","datePublished":"2022-03-09T12:14:14+00:00","dateModified":"2022-04-22T19:14:33+00:00","breadcrumb":{"@id":"https:\/\/www.farol.ind.br\/view\/index.php\/canal-confidencial\/#breadcrumb"},"inLanguage":"pt-BR","potentialAction":[{"@type":"ReadAction","target":["https:\/\/www.farol.ind.br\/view\/index.php\/canal-confidencial\/"]}]},{"@type":"ImageObject","inLanguage":"pt-BR","@id":"https:\/\/www.farol.ind.br\/view\/index.php\/canal-confidencial\/#primaryimage","url":"http:\/\/www.farol.ind.br\/view\/wp-content\/uploads\/elementor\/thumbs\/cropped-android-chrome-512x512-1-plm5ep1n9gc38hl1u91dc29zxjr2ircye4t7da73io.png","contentUrl":"http:\/\/www.farol.ind.br\/view\/wp-content\/uploads\/elementor\/thumbs\/cropped-android-chrome-512x512-1-plm5ep1n9gc38hl1u91dc29zxjr2ircye4t7da73io.png"},{"@type":"BreadcrumbList","@id":"https:\/\/www.farol.ind.br\/view\/index.php\/canal-confidencial\/#breadcrumb","itemListElement":[{"@type":"ListItem","position":1,"name":"In\u00edcio","item":"https:\/\/www.farol.ind.br\/view\/"},{"@type":"ListItem","position":2,"name":"Canal Confidencial"}]},{"@type":"WebSite","@id":"https:\/\/www.farol.ind.br\/view\/#website","url":"https:\/\/www.farol.ind.br\/view\/","name":"Farol S.A.","description":"Coletamos os subprodutos de bovinos, su\u00ednos, aves e peixes e, atrav\u00e9s da nossa tecnologia de ponta, realizamos a fabrica\u00e7\u00e3o de  mat\u00e9rias-primas de alto padr\u00e3o que s\u00e3o utilizados como componentes para ra\u00e7\u00f5es animais e diversas ind\u00fastrias qu\u00edmicas.","publisher":{"@id":"https:\/\/www.farol.ind.br\/view\/#organization"},"potentialAction":[{"@type":"SearchAction","target":{"@type":"EntryPoint","urlTemplate":"https:\/\/www.farol.ind.br\/view\/?s={search_term_string}"},"query-input":{"@type":"PropertyValueSpecification","valueRequired":true,"valueName":"search_term_string"}}],"inLanguage":"pt-BR"},{"@type":"Organization","@id":"https:\/\/www.farol.ind.br\/view\/#organization","name":"Farol S.A.","url":"https:\/\/www.farol.ind.br\/view\/","logo":{"@type":"ImageObject","inLanguage":"pt-BR","@id":"https:\/\/www.farol.ind.br\/view\/#\/schema\/logo\/image\/","url":"http:\/\/www.farol.ind.br\/view\/wp-content\/uploads\/2022\/03\/logo-dark.png","contentUrl":"http:\/\/www.farol.ind.br\/view\/wp-content\/uploads\/2022\/03\/logo-dark.png","width":550,"height":300,"caption":"Farol S.A."},"image":{"@id":"https:\/\/www.farol.ind.br\/view\/#\/schema\/logo\/image\/"},"sameAs":["https:\/\/www.facebook.com\/FarolSA?_rdr","https:\/\/www.instagram.com\/farolindustria\/"]}]}},"_links":{"self":[{"href":"https:\/\/www.farol.ind.br\/view\/index.php\/wp-json\/wp\/v2\/pages\/236","targetHints":{"allow":["GET"]}}],"collection":[{"href":"https:\/\/www.farol.ind.br\/view\/index.php\/wp-json\/wp\/v2\/pages"}],"about":[{"href":"https:\/\/www.farol.ind.br\/view\/index.php\/wp-json\/wp\/v2\/types\/page"}],"author":[{"embeddable":true,"href":"https:\/\/www.farol.ind.br\/view\/index.php\/wp-json\/wp\/v2\/users\/1"}],"replies":[{"embeddable":true,"href":"https:\/\/www.farol.ind.br\/view\/index.php\/wp-json\/wp\/v2\/comments?post=236"}],"version-history":[{"count":26,"href":"https:\/\/www.farol.ind.br\/view\/index.php\/wp-json\/wp\/v2\/pages\/236\/revisions"}],"predecessor-version":[{"id":776,"href":"https:\/\/www.farol.ind.br\/view\/index.php\/wp-json\/wp\/v2\/pages\/236\/revisions\/776"}],"wp:attachment":[{"href":"https:\/\/www.farol.ind.br\/view\/index.php\/wp-json\/wp\/v2\/media?parent=236"}],"curies":[{"name":"wp","href":"https:\/\/api.w.org\/{rel}","templated":true}]}}